3. Let q(v) = v**3 - 4*v**2 - 10*v - 5. Let t be q(6). What is n(t)?
-7
Let q be 1*(0 - 6 - -5). Let y(z) = 8*z**3 + 4*z**2 - z + 5. Let b = -2 + 3. Let k(x) = -x**3 - x**2 - 1. Let n(a) = b*y(a) + 5*k(a). Give n(q).
-3
Let n(s) = 5*s - 4. Suppose -c = 4*c + 3*d + 30, -2*c + d = 1. Let b be ((-10)/(-4) + c)*-6. Calculate n(b).
11
Suppose 6*a - 32 = -2*a. Suppose -a*z = c + 23, c - 7 = -0*c + 2*z. Let v(j) = -j - 1. Let f(w) = -9*w - 8. Let g(b) = f(b) - 5*v(b). Calculate g(c).
9
Let y(t) = -2891*t + 10 + t**2 + 2876*t - 2. Calculate y(13).
-18
Suppose 2*a = -2*b + 24, -a = -b - 3*a + 8. Let k = 19 - b. Let m(i) = -3 - 2 + 1 + k*i. Determine m(4).
8
Let j(t) be the third derivative of 0*t**3 - 1/60*t**5 - 13*t**2 + 0 - 1/4*t**4 + 0*t. Calculate j(-6).
0
Let p be 10/(-2)*(-3 - -2). Let s(q) be the third derivative of -q**5/60 + q**4/6 - q**3/2 - 3*q**2. What is s(p)?
-8
Let g(u) = -u**2 - 7*u - 3. Let a(i) = i**2 - i. Let q(o) = o**3 + 5*o**2 - 4*o + 11. Let y be q(-6). Let c(x) = y*g(x) + 4*a(x). What is c(-2)?
17
Suppose 17*x - 31 = 3. Let p(r) = 4*r - 4. What is p(x)?
4
Suppose 2*y = -8*y - 390. Let q = 42 + y. Let r(d) = -d**3 + 2*d**2 + 3*d + 2. Determine r(q).
2
Suppose 0 = -r + t + 20 - 91, 0 = -3*r + 5*t - 203. Let b = -76 - r. Let w(l) = -l**2 + 4. What is w(b)?
4
Let y be (6 - 8)/(1 + 9/(-7)). Let s(g) = g**2 - 4*g - 5. Give s(y).
16
Let f(q) = -14*q**2 + 19*q + 10. Let c(r) = 17*r**2 - 24*r - 12. Let i(b) = -9*c(b) - 11*f(b). Suppose 0 = 5*l + 30 - 10. Calculate i(l).
-14
Suppose -35 = v + 4*v + 4*b, -5*v - 5*b = 40. Let u(a) = 3*a - 2. Give u(v).
-11
Let w(l) = l**2 + 53*l + 359. Let c be w(-45). Let x(m) = 5*m**2 + 3*m + 2. Determine x(c).
4
Let g(z) = -z + 2 + 4 - 3 - 4. Let m = -48 + 42. Give g(m).
5
Let i(z) = -z**2 - 7*z + 5. Let v be (-7)/(2 + 7/(-3)). Let q = -16 + v. Suppose -q*u - 10 = -3*u. Determine i(u).
15
Let s(r) be the first derivative of 1/4*r**4 - r**2 + 2/3*r**3 - 36 + 4*r. Determine s(-4).
-20
Let t be ((-4)/3)/(-4 + (-115)/(-30)). Let b(k) = -8*k + 7*k + 8 - t. Give b(0).
0
Let t(w) = 7*w - 7. Let r = 15 + -24. Let u(x) = -x**3 - 2*x**2 + 4*x + 4. Let a be u(-2). Let c(z) = -3*z + 3. Let m(b) = a*t(b) + r*c(b). What is m(-3)?
4
Let o(g) = -g**3 - 10*g**2 - 9*g - 9. Suppose 3*u + 0*u = -2*u. Suppose 0 = 2*h + 3*d + 17 + 7, 4*h + d + 38 = u. Give o(h).
-9
Suppose 0 = -4*p - 190 + 202. Let h(r) = -r**3 + 2*r**2 + 4*r - 8. Calculate h(p).
-5
Let j(o) be the first derivative of o**2 + 16*o - 488. Calculate j(9).
34
Suppose -2*k + 6 = -2*d, 5*d - 2*d - 16 = -2*k. Let h(f) = -d + 1 + 0 + f - f**2. Give h(3).
-7
Let n be (-24)/18 + 1 + (-20)/(-6). Let k(g) be the second derivative of 0 + 1/12*g**4 + 6*g - 1/3*g**n - 5/2*g**2. Give k(-4).
19
Let q(c) = c**2 + 8*c + 7. Let i be q(-7). Suppose 0 = -0*g - 2*g + 2*a, 4*g + 5*a + 36 = i. Let s(u) = -2*u - 4. Calculate s(g).
4
Suppose -8 = -m + 3*l, -3*m + 2*m = -2*l - 6. Let o(h) = -h**3 + 4*h - 3. Calculate o(m).
-3
Let o(q) = -3*q - 11. Suppose -s = -5*j - 5, 0 = -2*j + 2*s - 64 + 70. Calculate o(j).
-5
Let l be 22/154 + (-29)/7 + 0. Let d(q) = -q**3 - 3*q**2 + 4*q + 2. Give d(l).
2
Suppose 2*f - 2*x + 24 = 0, 3*x + 28 = -3*f - 26. Let l be 10*f/(-10)*1. Let k = 18 - l. Let w(m) = m**3 - 3*m**2 + 2*m - 3. What is w(k)?
3
Let g(k) = 3*k. Let f(y) = -y**3 - 5*y**2 + 16*y + 10. Let t be f(-7). Determine g(t).
-12
Let n(k) = -7*k - 4. Suppose 5 = -3*m - s, m + s - 1 = -6. Suppose 3*z = -m*z + 21. Let i(a) = 8*a + 5. Let d(x) = z*n(x) + 6*i(x). What is d(5)?
-3
Let f(h) = -h**3 - h**2 + 2*h + 2. Let g be f(-3). Let l(c) = 8*c + g*c - 27*c + 1. Determine l(2).
-9
Let a(z) = -z**2 - 5*z + 1. Let m = 14 + -73. Let p = m - -55. Calculate a(p).
5
Suppose 0 = 5*q - 157 - 53. Suppose 3*a = 10*a + q. Let r(n) = 3*n + 7. Determine r(a).
-11
Let b(p) be the first derivative of p**2 + 8*p - 1. Let a(s) = -333*s - 2004. Let f be a(-6). Give b(f).
-4
Let c(g) = -10*g**2 - 6*g - 4. Let l(z) = -7*z**2 - 7*z - 4. Let i(r) = 2*c(r) - 3*l(r). Determine i(-10).
14
Let o(h) = -3*h + 6. Suppose -4*r + 14 - 134 = 4*m, -2*m - 65 = 3*r. Let s = 18 + m. Determine o(s).
27
Let j(v) = -v**3 - 7*v**2 - 5*v + 11. Let z = 138 + -144. Give j(z).
5
Let a be 9/4*8/3. Suppose m - a = -m. Let f(v) = m*v**2 - 4*v**2 - 21 + 24. Calculate f(3).
-6
Let j(y) be the first derivative of 2*y**2 - y + 61. What is j(1)?
3
Let f(k) = k**3 + 23*k**2 - 49*k + 32. Let q be f(-25). Let u = -1 + 1. Let i(x) = -3 + u*x + q*x - 5*x. Give i(4).
5
Let h(k) = k - 7. Suppose 29 = 4*w - w - 5*r, -3 = 3*w + 3*r. Suppose w*g - 5 = 2*f, 3*g + 2*g - 5*f = 0. Calculate h(g).
-2
Suppose 8*s - 168 = 32*s. Let t(g) = 0*g + 6*g - 5*g + 4. What is t(s)?
-3
Let i = 3 + 0. Suppose 5*t - 2*t - 6 = 0. Let n(p) = 7 - t + 0*p - 1 - 2*p. Calculate n(i).
-2
Let x(f) = -4*f**2 + f. Let q(v) = -v**3 + 6*v**2 + 8*v - 1. Let l be q(7). Let z be 28/(-21) + (-4)/l. Let b be (-6)/15*5/z. What is x(b)?
-3
Let q(i) = 7*i**2 - 22*i - 68. Let h be q(5). Let b(v) = -v**2 - 10*v - 17. What is b(h)?
4
Let l(c) = c**3 + 3*c**2 - 2*c - 3. Let b be l(-2). Let a(t) be the first derivative of -6 + 2*t - 1/3*t**3 + 5/2*t**2. Calculate a(b).
2
Suppose -3*n - 33 - 32 = -2*j, -5*j + 195 = -n. Let z(t) = -2*t**3 - 2*t**2 + t**3 + 46*t + 6*t**2 - j*t. Give z(5).
5
Suppose -3*n + 4*u = -6*n + 28, 5*n - 70 = 5*u. Suppose -5*c = -5*k - 50, -2*k - k + n = 4*c. Let t(f) = -f**2 + 6*f + 8. Determine t(c).
8
Let k(p) = 13*p - 20. Let l(v) = -19*v - 3. Let w(h) = 9*h + 1. Let m(q) = -6*l(q) - 13*w(q). Let r(i) = -2*k(i) - 9*m(i). Calculate r(0).
-5
Let l(h) = -h**2 + h + 1. Let q(d) = 6*d**2 + 3*d - 12. Let s(t) = 5*l(t) + q(t). Suppose 0 = -32*c + 36*c + 12. Let f be -3 + c - (4 + -2). Determine s(f).
-7
Let s(y) = -6 + 7 + 5*y**2 + 7*y**2 - 8*y**2. Calculate s(1).
5
Let b(x) = -x**3 + 2*x - 4. Let i(w) = -w**3 + 8*w**2 + w - 16. Let s be i(8). Let g be (-6)/(-9) - (s/(-3) - -1). Determine b(g).
17
Let s(q) = -5*q**2 + 24*q + 25. Let v be s(6). Let u(z) = -z**2 - 10*z + 2. Determine u(v).
-9
Let u(f) = f**3 + f**2 - 6. Let w(g) = -g**2 + 3*g + 4. Suppose l - 19 = -2*t, -5*t + 8 + 17 = -5*l. Suppose t = 2*b - 0*b. Let x be w(b). Determine u(x).
-6
Let g(f) be the first derivative of -f**4/4 - 5*f**3/3 + f**2/2 - 10. Suppose -4*t = -7 + 27. Calculate g(t).
-5
Let t(r) = 14*r**2 + 8*r - 6. Let c(b) = -13*b**2 - 5*b + 4. Let y(x) = -3*c(x) - 2*t(x). Let a(z) = -z**3 - 3*z**2 - z - 2. Let i be a(-3). Determine y(i).
10
Suppose x + 16 = 21. Let z(p) = -3 + 11*p + p**2 - 3*p - 3*p**2. Calculate z(x).
-13
Let j(h) = -h**2 - h + 1. Suppose t - 20 = -3*t, -2*t = 4*f - 30. Suppose f*l = 26 - 1. Let q = l + -6. Give j(q).
1
Let y(i) = -i + 0*i**3 - 4*i + i**3 - i**2 + 4*i. Let r(x) = -2 - 3 - 17*x + 5*x - 11*x**2 + 2 + 3*x**3. Let w(v) = r(v) - 4*y(v). Determine w(-6).
9
Let t(o) be the second derivative of o**3/6 - 2*o**2 + 129*o. Determine t(13).
9
Let o(n) = 8*n + 2. Let y be o(1). Suppose y = -h + 3*h. Suppose h*f + 8 = -s - 0, -s = -2. Let j(d) = -3*d + 1. Determine j(f).
7
Let z(m) be the second derivative of m**5/20 + 11*m**4/12 - 11*m**3/6 + 4*m**2 + 20*m + 5. What is z(-12)?
-4
Let g(v) = -v**3 + 4*v**2 + 7*v - 6. Suppose 1 = -5*z - 5*n + 26, -3*z = -5*n - 7. What is g(z)?
22
Let f(l) be the first derivative of -17*l**4/4 + l**3/3 - l**2/2 - 289. What is f(1)?
-17
Let d be (-1)/(20/(-48))*(-10)/(-4). Let w(a) = a**3 - 5*a**2 - 5*a + 7. Give w(d).
13
Let x(f) = 1. Let k(t) = -t**3 - 6*t**2 - 5*t + 2. Let m(n) = -k(n) - 2*x(n). Give m(-4).
8
Suppose 0 = 3*m - 4*c + 8*c - 24, 5*c = -5*m + 30. Let r(f) = 0*f - 6 + 2*f - f. Give r(m).
-6
Suppose q - 3 = -3*i - 0*q, -2*i = -5*q - 19. Suppose 0 = -19*c - 59 + 211. Let v(o) = 2*o - 10 + i*o**2 + 15 - 2*o**3 - c. What is v(2)?
-7
Let x(n) = -n**3 + 14*n**2 - n + 8. Let j be x(14). Let v(w) = w + 1. Determine v(j).
-5
Let v(l) be the third derivative of l**4/24 - 5*l**3/6 + l**2 + 3*l - 29. Let t be (2 + -1)/(2/10). What is v(t)?
0
Let o(y) = y**2 + 14*y - 7. Let t be o(-15). Let h be 105/28 - 6/t. Let r(q) = q**3 - 4*q**2 + q - 1. What is r(h)?
-7
Let x(f) be the third derivative of -f**4/24 + 5*f**3/6 - 51*f**2 - 2. Give x(3).
2
Let q(g) = -10*g**2 + 5*g - 4. Let o(b) = b - 1. Let l(d) = 5*o(d) - q(d). Let w = -13 + -54. Let u = 66 + w. Dete